{"id":1656,"date":"2021-02-26T14:35:32","date_gmt":"2021-02-26T13:35:32","guid":{"rendered":"https:\/\/www.mittelfest.org\/home\/"},"modified":"2022-11-21T13:55:03","modified_gmt":"2022-11-21T12:55:03","slug":"home","status":"publish","type":"page","link":"https:\/\/mittelfest.nelquadrato.com\/fur\/","title":{"rendered":"Home"},"content":{"rendered":"\n<p class=\"text-md lg:w-1\/2\">La vee di Nad\u00e2l dal 1915, dut podeve spiet\u00e2si Albert Einstein f\u00fbr che i riv\u00e0s a cjase une letare, spedide dal coleghe Karl Schwarzschild, che dal front, tal mie\u00e7 des trinceis, al mandave lis soluzions ae jessude resinte des ecuazions di relativit\u00e2t gjener\u00e2l. Rispuestis dal dut imprevistis, ma dome pai voi di Einstein che al leieve, no pe man di cui che al veve scrit, Schwarzschild, che la s\u00f4 ment speculative no si jere mai fermade, nancje dentri dal bombard\u00e2 interminabil de vuere grande. Chest al \u00e8 chel che o sav\u00ecn vu\u00ea, e nus ven de conte che Benjam\u00edn Labatut al f\u00e2s de storie di Schwarzschild. Un pugn di calcui inspiet\u00e2ts, vign\u00fbts f\u00fbr come dal nuie. Chest al veve Einstein devant di se: mot\u00eef di turbament e di maravee profonde.<\/p>\n\n\n\n<p class=\"sepa-ondina\"> <\/p>\n\n\n\n<p class=\"text-xl lg:w-3\/4\">La stesse sensazion e var\u00e8s pervad\u00fbt Berlioz, a scolt\u00e2 la sentence capit\u00e2l pronunziade di un forest cuntune ande strambe, chest dot\u00f4r Woland, che dongje dai sfueis Patriar\u0161ie di Mosche, intun tramont cjalt in maniere straordenarie te Vierte dal 1918, al trabascjave di vueli di gjirasol, di Annu\u0161ka e di decapitazions. Ep\u00fbr, chel che al sar\u00e8s st\u00e2t par Berlioz l&#8217;imprevist fat\u00e2l, si preparave za, un pas da\u00fbr chel altri, cence che lui al sav\u00e8s: parc\u00e8 che Annu\u0161ka e cjaminave svelte, dopo v\u00ea compr\u00e2t il vueli, dul\u00e0 che Berlioz al sar\u00e8s sbriss\u00e2t in maniere imprudente. Di gn\u00fbf, ch\u00ea misture di ecitazion e di or\u00f4r si le var\u00e8s cjatade f\u00fbr ch\u00ea sere &#8211; al conte simpri Michail Bulgakov intal so roman\u00e7 \u201cIl mestri e Margarite\u201d &#8211; intal diret\u00f4r finanziari Rimskij, altri om stri\u00e2t di Woland e compagnie, cuss\u00ec come lis sioris e i si\u00f4rs cor\u00fbts tal Teatri di Variet\u00e2t. Li, sul palc, dopo di une schirie di maraveis, e jere nassude dut un colp une <em>boutique<\/em> strane: une tende, un istant, il vist\u00eet vecjo che si dave la volte cun chel ae ultime mode. Rimskji al var\u00e8s viod\u00fbt la masse suspir\u00e2 cul apar\u00ee de <em>boutique<\/em>, metisi in file cun esitazion, pass\u00e2 da\u00fbr de tende un par volte, gjoldi pe magjie dal gn\u00fbf look. Fale dopo cjat\u00e2si dutis e ducj, marave\u00e2ts, a berl\u00e2 di vergogne inte gnot moscovite, par vie che a jerin rest\u00e2ts &#8211; in maniere leter\u00e2l &#8211; in mudantis, rezipet e canotiere: cun Woland e compagnie a jerin spar\u00eets ducj i biei vist\u00eets.<\/p>\n\n\n\n<p class=\"sepa-ondina\"> <\/p>\n\n\n\n<p class=\"text-md lg:w-1\/2\">Veju i impreviscj, che si preparin dul\u00e0 che i nestris voi no notin, ancje se a viodin, dul\u00e0 che lis nestris orelis no intindin, ancje se a sintin, dul\u00e0 che il nestri cuarp al f\u00e2s fente di nuie, ancje se si cjate intal mie\u00e7 dai events. Veju i impreviscj, che a rivin a savolt\u00e2 abitudins consolidadis e ciertecis masse facilis, cul l\u00f4r gorc di pericui, dol\u00f4rs e, ancje, oportunit\u00e2ts.<\/p>\n\n\n\n<p class=\"sepa-ondina\"> <\/p>\n\n\n\n<p class=\"text-xl lg:w-3\/4\">Tant che cjartis di z\u00fbc che, cuviertis, a platin il l\u00f4r segret, i impreviscj a son cuss\u00ec dome par n\u00f4, maraveadis o marave\u00e2ts dal l\u00f4r sucedi: ep\u00fbr, une volte che a son riv\u00e2ts, si pues davuelzi il f\u00eel des l\u00f4r causis, ricostru\u00ee il l\u00f4r prepar\u00e2si lent intal timp. Intant, per\u00f2, o sin za impegn\u00e2ts cui l\u00f4r efiets, cun ce che di gn\u00fbf, intal ben o intal m\u00e2l, nus \u00e0n lass\u00e2t.<\/p>\n\n\n\n<p class=\"sepa-ondina\"> <\/p>\n\n\n\n<p class=\"text-md lg:w-1\/2\">Cont\u00e2 impreviscj nol \u00e8, in se, nuie altri che un z\u00fbc, ma bon par sfrancj\u00e2 i sens, par cjal\u00e2 cun plui atenzion chel che al suc\u00eat ator di ognidune e di ognidun di n\u00f4: un p\u00f4c par impar\u00e2 a d\u00e2 val\u00f4r a ce che disp\u00e8s si trascure, un p\u00f4c par reagj\u00ee intal m\u00fbt mi\u00f4r a ce che, dut c\u00e2s, no si pues previodi. Parc\u00e8 che la cjarte di z\u00fbc, ancjem\u00f2 taponade e je come il gjat inte scjate di Schr\u00f6dinger: dome al so apar\u00ee tu \u2019nt cognossis il val\u00f4r re\u00e2l.<\/p>\n\n\n\n<div style=\"height:34px\" aria-hidden=\"true\" class=\"wp-block-spacer\"><\/div>\n\n\n\n<p>Giacomo Pedini, Direzion artistiche<\/p>\n","protected":false},"excerpt":{"rendered":"<p>La vee di Nad\u00e2l dal 1915, dut podeve spiet\u00e2si Albert Einstein f\u00fbr che i riv\u00e0s a cjase une letare, spedide dal coleghe Karl Schwarzschild, che dal front, tal mie\u00e7 des trinceis, al mandave lis soluzions ae jessude resinte des ecuazions di relativit\u00e2t gjener\u00e2l. Rispuestis dal dut imprevistis, ma dome pai voi di Einstein che al<\/p>\n<div class=\"mt-4\"><a href=\"https:\/\/mittelfest.nelquadrato.com\/fur\/\" class=\"ondina ondina--nera font-semi-bold\">Lei dut<\/a><\/div>\n","protected":false},"author":1,"featured_media":30471,"parent":0,"menu_order":0,"comment_status":"closed","ping_status":"closed","template":"views\/template-home.blade.php","meta":{"footnotes":"","_links_to":"","_links_to_target":""},"class_list":["post-1656","page","type-page","status-publish","has-post-thumbnail","hentry"],"yoast_head":"<!-- This site is optimized with the Yoast SEO plugin v16.1.1 - https:\/\/yoast.com\/wordpress\/plugins\/seo\/ -->\n<title>Home - Mittelfest<\/title>\n<meta name=\"description\" content=\"Una open call per spettacoli di teatro, musica, danza e multidisciplinare\/circo per artisti e artiste, compagnie o collettivi UNDER30 da 27 paesi dell\u2019area mitteleuropea e balcanica. 9 spettacoli a Mittelyoung (12-15 maggio 2022). I 3 migliori a Mittefest (22 luglio-31 luglio 2022).\" \/>\n<link rel=\"canonical\" href=\"https:\/\/mittelfest.nelquadrato.com\/fur\/\" \/>\n<meta property=\"og:locale\" content=\"en_US\" \/>\n<meta property=\"og:type\" content=\"article\" \/>\n<meta property=\"og:title\" content=\"Home - Mittelfest\" \/>\n<meta property=\"og:description\" content=\"Una open call per spettacoli di teatro, musica, danza e multidisciplinare\/circo per artisti e artiste, compagnie o collettivi UNDER30 da 27 paesi dell\u2019area mitteleuropea e balcanica. 9 spettacoli a Mittelyoung (12-15 maggio 2022). I 3 migliori a Mittefest (22 luglio-31 luglio 2022).\" \/>\n<meta property=\"og:url\" content=\"https:\/\/mittelfest.nelquadrato.com\/fur\/\" \/>\n<meta property=\"og:site_name\" content=\"Mittelfest\" \/>\n<meta property=\"article:publisher\" content=\"https:\/\/www.facebook.com\/mittelfest\" \/>\n<meta property=\"article:modified_time\" content=\"2022-11-21T12:55:03+00:00\" \/>\n<meta property=\"og:image\" content=\"https:\/\/mittelfest.nelquadrato.com\/wp-content\/uploads\/2022\/09\/mittelfest-header-standard-h.jpg\" \/>\n\t<meta property=\"og:image:width\" content=\"2048\" \/>\n\t<meta property=\"og:image:height\" content=\"918\" \/>\n<meta name=\"twitter:card\" content=\"summary_large_image\" \/>\n<meta name=\"twitter:label1\" content=\"Est. reading time\">\n\t<meta name=\"twitter:data1\" content=\"3 minutes\">\n<script type=\"application\/ld+json\" class=\"yoast-schema-graph\">{\"@context\":\"https:\/\/schema.org\",\"@graph\":[{\"@type\":\"WebSite\",\"@id\":\"https:\/\/mittelfest.nelquadrato.com\/fur\/#website\",\"url\":\"https:\/\/mittelfest.nelquadrato.com\/fur\/\",\"name\":\"Mittelfest\",\"description\":\"\",\"potentialAction\":[{\"@type\":\"SearchAction\",\"target\":\"https:\/\/mittelfest.nelquadrato.com\/fur\/?s={search_term_string}\",\"query-input\":\"required name=search_term_string\"}],\"inLanguage\":\"fur-FUR\"},{\"@type\":\"ImageObject\",\"@id\":\"https:\/\/mittelfest.nelquadrato.com\/fur\/#primaryimage\",\"inLanguage\":\"fur-FUR\",\"url\":\"https:\/\/mittelfest.nelquadrato.com\/wp-content\/uploads\/2022\/09\/mittelfest-header-standard-h.jpg\",\"contentUrl\":\"https:\/\/mittelfest.nelquadrato.com\/wp-content\/uploads\/2022\/09\/mittelfest-header-standard-h.jpg\",\"width\":2048,\"height\":918},{\"@type\":\"WebPage\",\"@id\":\"https:\/\/mittelfest.nelquadrato.com\/fur\/#webpage\",\"url\":\"https:\/\/mittelfest.nelquadrato.com\/fur\/\",\"name\":\"Home - Mittelfest\",\"isPartOf\":{\"@id\":\"https:\/\/mittelfest.nelquadrato.com\/fur\/#website\"},\"primaryImageOfPage\":{\"@id\":\"https:\/\/mittelfest.nelquadrato.com\/fur\/#primaryimage\"},\"datePublished\":\"2021-02-26T13:35:32+00:00\",\"dateModified\":\"2022-11-21T12:55:03+00:00\",\"description\":\"Una open call per spettacoli di teatro, musica, danza e multidisciplinare\/circo per artisti e artiste, compagnie o collettivi UNDER30 da 27 paesi dell\\u2019area mitteleuropea e balcanica. 9 spettacoli a Mittelyoung (12-15 maggio 2022). I 3 migliori a Mittefest (22 luglio-31 luglio 2022).\",\"breadcrumb\":{\"@id\":\"https:\/\/mittelfest.nelquadrato.com\/fur\/#breadcrumb\"},\"inLanguage\":\"fur-FUR\",\"potentialAction\":[{\"@type\":\"ReadAction\",\"target\":[\"https:\/\/mittelfest.nelquadrato.com\/fur\/\"]}]},{\"@type\":\"BreadcrumbList\",\"@id\":\"https:\/\/mittelfest.nelquadrato.com\/fur\/#breadcrumb\",\"itemListElement\":[{\"@type\":\"ListItem\",\"position\":1,\"item\":{\"@type\":\"WebPage\",\"@id\":\"https:\/\/mittelfest.nelquadrato.com\/fur\/\",\"url\":\"https:\/\/mittelfest.nelquadrato.com\/fur\/\",\"name\":\"Home\"}},{\"@type\":\"ListItem\",\"position\":2,\"item\":{\"@type\":\"WebPage\",\"@id\":\"https:\/\/mittelfest.nelquadrato.com\/fur\/\",\"url\":\"https:\/\/mittelfest.nelquadrato.com\/fur\/\",\"name\":\"Home\"}}]}]}<\/script>\n<!-- \/ Yoast SEO plugin. -->","_links":{"self":[{"href":"https:\/\/mittelfest.nelquadrato.com\/fur\/wp-json\/wp\/v2\/pages\/1656","targetHints":{"allow":["GET"]}}],"collection":[{"href":"https:\/\/mittelfest.nelquadrato.com\/fur\/wp-json\/wp\/v2\/pages"}],"about":[{"href":"https:\/\/mittelfest.nelquadrato.com\/fur\/wp-json\/wp\/v2\/types\/page"}],"author":[{"embeddable":true,"href":"https:\/\/mittelfest.nelquadrato.com\/fur\/wp-json\/wp\/v2\/users\/1"}],"replies":[{"embeddable":true,"href":"https:\/\/mittelfest.nelquadrato.com\/fur\/wp-json\/wp\/v2\/comments?post=1656"}],"version-history":[{"count":13,"href":"https:\/\/mittelfest.nelquadrato.com\/fur\/wp-json\/wp\/v2\/pages\/1656\/revisions"}],"predecessor-version":[{"id":31243,"href":"https:\/\/mittelfest.nelquadrato.com\/fur\/wp-json\/wp\/v2\/pages\/1656\/revisions\/31243"}],"wp:featuredmedia":[{"embeddable":true,"href":"https:\/\/mittelfest.nelquadrato.com\/fur\/wp-json\/wp\/v2\/media\/30471"}],"wp:attachment":[{"href":"https:\/\/mittelfest.nelquadrato.com\/fur\/wp-json\/wp\/v2\/media?parent=1656"}],"curies":[{"name":"wp","href":"https:\/\/api.w.org\/{rel}","templated":true}]}}